{"id":15,"date":"2023-08-09T23:27:15","date_gmt":"2023-08-09T21:27:15","guid":{"rendered":"https:\/\/s5.kaniecki.net\/?page_id=15"},"modified":"2023-10-02T00:14:26","modified_gmt":"2023-10-01T22:14:26","slug":"wyklady","status":"publish","type":"page","link":"https:\/\/centrum-songo.pl\/index.php\/wyklady\/","title":{"rendered":"Wyk\u0142ady"},"content":{"rendered":"<p>Jako trener, hodowca i pasjonat ch\u0119tnie dziel\u0119 si\u0119 swoj\u0105 wiedz\u0105 i do\u015bwiadczeniem z innymi psiarzami prowadz\u0105c wyk\u0142ady i warsztaty o tematyce kynologicznej. Mam ogromn\u0105 przyjemo\u015b\u0107 prowadzi\u0107 takie zaj\u0119cia dla innych terener\u00f3w, behawioryst\u00f3w, hodowc\u00f3w, weterynarzy, fundacji jak i zwyk\u0142ych opiekun\u00f3w ps\u00f3w.<\/p>\n<div class=\"gallery-wrap\"><div class=\"gallery grid-col-four \">\r\n\t\t\t\t\t\t\t\t\t<div class=\"gallery-image\">\r\n\t\t\t\t\t\t\t\t\t\t<img decoding=\"async\" src=\"https:\/\/centrum-songo.pl\/wp-content\/uploads\/2023\/09\/wyklady_gal_131-300x300.jpg\" alt=\"wyklady_gal_131\"\/>\r\n\t\t\t\t\t\t\t\t\t\t<div class=\"gal-icon\">\r\n\t\t\t\t\t\t\t\t\t\t\t<a class=\"pop-gallery\" data-fancybox=\"group3\" data-thumb=\"https:\/\/centrum-songo.pl\/wp-content\/uploads\/2023\/09\/wyklady_gal_131-300x300.jpg\" href=\"https:\/\/centrum-songo.pl\/wp-content\/uploads\/2023\/09\/wyklady_gal_131.jpg\" data-caption=\"\"><i class=\"fal fa-plus\"><\/i><\/a>\r\n\t\t\t\t\t\t\t\t\t\t<\/div>\r\n\t\t\t\t\t\t\t\t\t<\/div>\r\n\t\t\t\t\t\t\t\t\t\r\n\t\t\t\t\t\t\t   <\/div><div class=\"gallery grid-col-four \">\r\n\t\t\t\t\t\t\t\t\t<div class=\"gallery-image\">\r\n\t\t\t\t\t\t\t\t\t\t<img decoding=\"async\" src=\"https:\/\/centrum-songo.pl\/wp-content\/uploads\/2023\/09\/wyklady_gal_130-300x300.jpg\" alt=\"wyklady_gal_130\"\/>\r\n\t\t\t\t\t\t\t\t\t\t<div class=\"gal-icon\">\r\n\t\t\t\t\t\t\t\t\t\t\t<a class=\"pop-gallery\" data-fancybox=\"group3\" data-thumb=\"https:\/\/centrum-songo.pl\/wp-content\/uploads\/2023\/09\/wyklady_gal_130-300x300.jpg\" href=\"https:\/\/centrum-songo.pl\/wp-content\/uploads\/2023\/09\/wyklady_gal_130.jpg\" data-caption=\"\"><i class=\"fal fa-plus\"><\/i><\/a>\r\n\t\t\t\t\t\t\t\t\t\t<\/div>\r\n\t\t\t\t\t\t\t\t\t<\/div>\r\n\t\t\t\t\t\t\t\t\t\r\n\t\t\t\t\t\t\t   <\/div><div class=\"gallery grid-col-four \">\r\n\t\t\t\t\t\t\t\t\t<div class=\"gallery-image\">\r\n\t\t\t\t\t\t\t\t\t\t<img decoding=\"async\" src=\"https:\/\/centrum-songo.pl\/wp-content\/uploads\/2023\/09\/wyklady_gal_129-300x300.jpg\" alt=\"wyklady_gal_129\"\/>\r\n\t\t\t\t\t\t\t\t\t\t<div class=\"gal-icon\">\r\n\t\t\t\t\t\t\t\t\t\t\t<a class=\"pop-gallery\" data-fancybox=\"group3\" data-thumb=\"https:\/\/centrum-songo.pl\/wp-content\/uploads\/2023\/09\/wyklady_gal_129-300x300.jpg\" href=\"https:\/\/centrum-songo.pl\/wp-content\/uploads\/2023\/09\/wyklady_gal_129.jpg\" data-caption=\"\"><i class=\"fal fa-plus\"><\/i><\/a>\r\n\t\t\t\t\t\t\t\t\t\t<\/div>\r\n\t\t\t\t\t\t\t\t\t<\/div>\r\n\t\t\t\t\t\t\t\t\t\r\n\t\t\t\t\t\t\t   <\/div><div class=\"gallery grid-col-four  lastcols\">\r\n\t\t\t\t\t\t\t\t\t<div class=\"gallery-image\">\r\n\t\t\t\t\t\t\t\t\t\t<img decoding=\"async\" src=\"https:\/\/centrum-songo.pl\/wp-content\/uploads\/2023\/09\/wyklady_gal_128-300x300.jpg\" alt=\"wyklady_gal_128\"\/>\r\n\t\t\t\t\t\t\t\t\t\t<div class=\"gal-icon\">\r\n\t\t\t\t\t\t\t\t\t\t\t<a class=\"pop-gallery\" data-fancybox=\"group3\" data-thumb=\"https:\/\/centrum-songo.pl\/wp-content\/uploads\/2023\/09\/wyklady_gal_128-300x300.jpg\" href=\"https:\/\/centrum-songo.pl\/wp-content\/uploads\/2023\/09\/wyklady_gal_128.jpg\" data-caption=\"\"><i class=\"fal fa-plus\"><\/i><\/a>\r\n\t\t\t\t\t\t\t\t\t\t<\/div>\r\n\t\t\t\t\t\t\t\t\t<\/div>\r\n\t\t\t\t\t\t\t\t\t\r\n\t\t\t\t\t\t\t   <\/div><div class=\"gallery grid-col-four \">\r\n\t\t\t\t\t\t\t\t\t<div class=\"gallery-image\">\r\n\t\t\t\t\t\t\t\t\t\t<img decoding=\"async\" src=\"https:\/\/centrum-songo.pl\/wp-content\/uploads\/2023\/09\/wyklady_gal_127-300x300.jpg\" alt=\"wyklady_gal_127\"\/>\r\n\t\t\t\t\t\t\t\t\t\t<div class=\"gal-icon\">\r\n\t\t\t\t\t\t\t\t\t\t\t<a class=\"pop-gallery\" data-fancybox=\"group3\" data-thumb=\"https:\/\/centrum-songo.pl\/wp-content\/uploads\/2023\/09\/wyklady_gal_127-300x300.jpg\" href=\"https:\/\/centrum-songo.pl\/wp-content\/uploads\/2023\/09\/wyklady_gal_127.jpg\" data-caption=\"\"><i class=\"fal fa-plus\"><\/i><\/a>\r\n\t\t\t\t\t\t\t\t\t\t<\/div>\r\n\t\t\t\t\t\t\t\t\t<\/div>\r\n\t\t\t\t\t\t\t\t\t\r\n\t\t\t\t\t\t\t   <\/div><div class=\"gallery grid-col-four \">\r\n\t\t\t\t\t\t\t\t\t<div class=\"gallery-image\">\r\n\t\t\t\t\t\t\t\t\t\t<img decoding=\"async\" src=\"https:\/\/centrum-songo.pl\/wp-content\/uploads\/2023\/09\/wyklady_gal_126-300x300.jpg\" alt=\"wyklady_gal_126\"\/>\r\n\t\t\t\t\t\t\t\t\t\t<div class=\"gal-icon\">\r\n\t\t\t\t\t\t\t\t\t\t\t<a class=\"pop-gallery\" data-fancybox=\"group3\" data-thumb=\"https:\/\/centrum-songo.pl\/wp-content\/uploads\/2023\/09\/wyklady_gal_126-300x300.jpg\" href=\"https:\/\/centrum-songo.pl\/wp-content\/uploads\/2023\/09\/wyklady_gal_126.jpg\" data-caption=\"\"><i class=\"fal fa-plus\"><\/i><\/a>\r\n\t\t\t\t\t\t\t\t\t\t<\/div>\r\n\t\t\t\t\t\t\t\t\t<\/div>\r\n\t\t\t\t\t\t\t\t\t\r\n\t\t\t\t\t\t\t   <\/div><div class=\"gallery grid-col-four \">\r\n\t\t\t\t\t\t\t\t\t<div class=\"gallery-image\">\r\n\t\t\t\t\t\t\t\t\t\t<img decoding=\"async\" src=\"https:\/\/centrum-songo.pl\/wp-content\/uploads\/2023\/09\/wyklady_gal_125-300x300.jpg\" alt=\"wyklady_gal_125\"\/>\r\n\t\t\t\t\t\t\t\t\t\t<div class=\"gal-icon\">\r\n\t\t\t\t\t\t\t\t\t\t\t<a class=\"pop-gallery\" data-fancybox=\"group3\" data-thumb=\"https:\/\/centrum-songo.pl\/wp-content\/uploads\/2023\/09\/wyklady_gal_125-300x300.jpg\" href=\"https:\/\/centrum-songo.pl\/wp-content\/uploads\/2023\/09\/wyklady_gal_125.jpg\" data-caption=\"\"><i class=\"fal fa-plus\"><\/i><\/a>\r\n\t\t\t\t\t\t\t\t\t\t<\/div>\r\n\t\t\t\t\t\t\t\t\t<\/div>\r\n\t\t\t\t\t\t\t\t\t\r\n\t\t\t\t\t\t\t   <\/div><div class=\"gallery grid-col-four  lastcols\">\r\n\t\t\t\t\t\t\t\t\t<div class=\"gallery-image\">\r\n\t\t\t\t\t\t\t\t\t\t<img decoding=\"async\" src=\"https:\/\/centrum-songo.pl\/wp-content\/uploads\/2023\/09\/wyklady_gal_124-300x300.jpg\" alt=\"wyklady_gal_124\"\/>\r\n\t\t\t\t\t\t\t\t\t\t<div class=\"gal-icon\">\r\n\t\t\t\t\t\t\t\t\t\t\t<a class=\"pop-gallery\" data-fancybox=\"group3\" data-thumb=\"https:\/\/centrum-songo.pl\/wp-content\/uploads\/2023\/09\/wyklady_gal_124-300x300.jpg\" href=\"https:\/\/centrum-songo.pl\/wp-content\/uploads\/2023\/09\/wyklady_gal_124.jpg\" data-caption=\"\"><i class=\"fal fa-plus\"><\/i><\/a>\r\n\t\t\t\t\t\t\t\t\t\t<\/div>\r\n\t\t\t\t\t\t\t\t\t<\/div>\r\n\t\t\t\t\t\t\t\t\t\r\n\t\t\t\t\t\t\t   <\/div><div class=\"gallery grid-col-four \">\r\n\t\t\t\t\t\t\t\t\t<div class=\"gallery-image\">\r\n\t\t\t\t\t\t\t\t\t\t<img decoding=\"async\" src=\"https:\/\/centrum-songo.pl\/wp-content\/uploads\/2023\/09\/wyklady_gal_123-300x300.jpg\" alt=\"wyklady_gal_123\"\/>\r\n\t\t\t\t\t\t\t\t\t\t<div class=\"gal-icon\">\r\n\t\t\t\t\t\t\t\t\t\t\t<a class=\"pop-gallery\" data-fancybox=\"group3\" data-thumb=\"https:\/\/centrum-songo.pl\/wp-content\/uploads\/2023\/09\/wyklady_gal_123-300x300.jpg\" href=\"https:\/\/centrum-songo.pl\/wp-content\/uploads\/2023\/09\/wyklady_gal_123.jpg\" data-caption=\"\"><i class=\"fal fa-plus\"><\/i><\/a>\r\n\t\t\t\t\t\t\t\t\t\t<\/div>\r\n\t\t\t\t\t\t\t\t\t<\/div>\r\n\t\t\t\t\t\t\t\t\t\r\n\t\t\t\t\t\t\t   <\/div><div class=\"gallery grid-col-four \">\r\n\t\t\t\t\t\t\t\t\t<div class=\"gallery-image\">\r\n\t\t\t\t\t\t\t\t\t\t<img decoding=\"async\" src=\"https:\/\/centrum-songo.pl\/wp-content\/uploads\/2023\/09\/wyklady_gal_122-300x300.jpg\" alt=\"wyklady_gal_122\"\/>\r\n\t\t\t\t\t\t\t\t\t\t<div class=\"gal-icon\">\r\n\t\t\t\t\t\t\t\t\t\t\t<a class=\"pop-gallery\" data-fancybox=\"group3\" data-thumb=\"https:\/\/centrum-songo.pl\/wp-content\/uploads\/2023\/09\/wyklady_gal_122-300x300.jpg\" href=\"https:\/\/centrum-songo.pl\/wp-content\/uploads\/2023\/09\/wyklady_gal_122.jpg\" data-caption=\"\"><i class=\"fal fa-plus\"><\/i><\/a>\r\n\t\t\t\t\t\t\t\t\t\t<\/div>\r\n\t\t\t\t\t\t\t\t\t<\/div>\r\n\t\t\t\t\t\t\t\t\t\r\n\t\t\t\t\t\t\t   <\/div><div class=\"gallery grid-col-four \">\r\n\t\t\t\t\t\t\t\t\t<div class=\"gallery-image\">\r\n\t\t\t\t\t\t\t\t\t\t<img decoding=\"async\" src=\"https:\/\/centrum-songo.pl\/wp-content\/uploads\/2023\/09\/wyklady_gal_121-300x300.jpg\" alt=\"wyklady_gal_121\"\/>\r\n\t\t\t\t\t\t\t\t\t\t<div class=\"gal-icon\">\r\n\t\t\t\t\t\t\t\t\t\t\t<a class=\"pop-gallery\" data-fancybox=\"group3\" data-thumb=\"https:\/\/centrum-songo.pl\/wp-content\/uploads\/2023\/09\/wyklady_gal_121-300x300.jpg\" href=\"https:\/\/centrum-songo.pl\/wp-content\/uploads\/2023\/09\/wyklady_gal_121.jpg\" data-caption=\"\"><i class=\"fal fa-plus\"><\/i><\/a>\r\n\t\t\t\t\t\t\t\t\t\t<\/div>\r\n\t\t\t\t\t\t\t\t\t<\/div>\r\n\t\t\t\t\t\t\t\t\t\r\n\t\t\t\t\t\t\t   <\/div><div class=\"gallery grid-col-four  lastcols\">\r\n\t\t\t\t\t\t\t\t\t<div class=\"gallery-image\">\r\n\t\t\t\t\t\t\t\t\t\t<img decoding=\"async\" src=\"https:\/\/centrum-songo.pl\/wp-content\/uploads\/2023\/09\/wyklady_gal_120-300x300.jpg\" alt=\"wyklady_gal_120\"\/>\r\n\t\t\t\t\t\t\t\t\t\t<div class=\"gal-icon\">\r\n\t\t\t\t\t\t\t\t\t\t\t<a class=\"pop-gallery\" data-fancybox=\"group3\" data-thumb=\"https:\/\/centrum-songo.pl\/wp-content\/uploads\/2023\/09\/wyklady_gal_120-300x300.jpg\" href=\"https:\/\/centrum-songo.pl\/wp-content\/uploads\/2023\/09\/wyklady_gal_120.jpg\" data-caption=\"\"><i class=\"fal fa-plus\"><\/i><\/a>\r\n\t\t\t\t\t\t\t\t\t\t<\/div>\r\n\t\t\t\t\t\t\t\t\t<\/div>\r\n\t\t\t\t\t\t\t\t\t\r\n\t\t\t\t\t\t\t   <\/div><div class=\"gallery grid-col-four \">\r\n\t\t\t\t\t\t\t\t\t<div class=\"gallery-image\">\r\n\t\t\t\t\t\t\t\t\t\t<img decoding=\"async\" src=\"https:\/\/centrum-songo.pl\/wp-content\/uploads\/2023\/09\/wyklady_gal_119-300x300.jpg\" alt=\"wyklady_gal_119\"\/>\r\n\t\t\t\t\t\t\t\t\t\t<div class=\"gal-icon\">\r\n\t\t\t\t\t\t\t\t\t\t\t<a class=\"pop-gallery\" data-fancybox=\"group3\" data-thumb=\"https:\/\/centrum-songo.pl\/wp-content\/uploads\/2023\/09\/wyklady_gal_119-300x300.jpg\" href=\"https:\/\/centrum-songo.pl\/wp-content\/uploads\/2023\/09\/wyklady_gal_119.jpg\" data-caption=\"\"><i class=\"fal fa-plus\"><\/i><\/a>\r\n\t\t\t\t\t\t\t\t\t\t<\/div>\r\n\t\t\t\t\t\t\t\t\t<\/div>\r\n\t\t\t\t\t\t\t\t\t\r\n\t\t\t\t\t\t\t   <\/div><div class=\"gallery grid-col-four \">\r\n\t\t\t\t\t\t\t\t\t<div class=\"gallery-image\">\r\n\t\t\t\t\t\t\t\t\t\t<img decoding=\"async\" src=\"https:\/\/centrum-songo.pl\/wp-content\/uploads\/2023\/09\/wyklady_gal_118-300x300.jpg\" alt=\"wyklady_gal_118\"\/>\r\n\t\t\t\t\t\t\t\t\t\t<div class=\"gal-icon\">\r\n\t\t\t\t\t\t\t\t\t\t\t<a class=\"pop-gallery\" data-fancybox=\"group3\" data-thumb=\"https:\/\/centrum-songo.pl\/wp-content\/uploads\/2023\/09\/wyklady_gal_118-300x300.jpg\" href=\"https:\/\/centrum-songo.pl\/wp-content\/uploads\/2023\/09\/wyklady_gal_118.jpg\" data-caption=\"\"><i class=\"fal fa-plus\"><\/i><\/a>\r\n\t\t\t\t\t\t\t\t\t\t<\/div>\r\n\t\t\t\t\t\t\t\t\t<\/div>\r\n\t\t\t\t\t\t\t\t\t\r\n\t\t\t\t\t\t\t   <\/div><div class=\"gallery grid-col-four \">\r\n\t\t\t\t\t\t\t\t\t<div class=\"gallery-image\">\r\n\t\t\t\t\t\t\t\t\t\t<img decoding=\"async\" src=\"https:\/\/centrum-songo.pl\/wp-content\/uploads\/2023\/09\/wyklady_gal_117-300x300.jpg\" alt=\"wyklady_gal_117\"\/>\r\n\t\t\t\t\t\t\t\t\t\t<div class=\"gal-icon\">\r\n\t\t\t\t\t\t\t\t\t\t\t<a class=\"pop-gallery\" data-fancybox=\"group3\" data-thumb=\"https:\/\/centrum-songo.pl\/wp-content\/uploads\/2023\/09\/wyklady_gal_117-300x300.jpg\" href=\"https:\/\/centrum-songo.pl\/wp-content\/uploads\/2023\/09\/wyklady_gal_117.jpg\" data-caption=\"\"><i class=\"fal fa-plus\"><\/i><\/a>\r\n\t\t\t\t\t\t\t\t\t\t<\/div>\r\n\t\t\t\t\t\t\t\t\t<\/div>\r\n\t\t\t\t\t\t\t\t\t\r\n\t\t\t\t\t\t\t   <\/div><div class=\"gallery grid-col-four  lastcols\">\r\n\t\t\t\t\t\t\t\t\t<div class=\"gallery-image\">\r\n\t\t\t\t\t\t\t\t\t\t<img decoding=\"async\" src=\"https:\/\/centrum-songo.pl\/wp-content\/uploads\/2023\/09\/wyklady_gal_116-300x300.jpg\" alt=\"wyklady_gal_116\"\/>\r\n\t\t\t\t\t\t\t\t\t\t<div class=\"gal-icon\">\r\n\t\t\t\t\t\t\t\t\t\t\t<a class=\"pop-gallery\" data-fancybox=\"group3\" data-thumb=\"https:\/\/centrum-songo.pl\/wp-content\/uploads\/2023\/09\/wyklady_gal_116-300x300.jpg\" href=\"https:\/\/centrum-songo.pl\/wp-content\/uploads\/2023\/09\/wyklady_gal_116.jpg\" data-caption=\"\"><i class=\"fal fa-plus\"><\/i><\/a>\r\n\t\t\t\t\t\t\t\t\t\t<\/div>\r\n\t\t\t\t\t\t\t\t\t<\/div>\r\n\t\t\t\t\t\t\t\t\t\r\n\t\t\t\t\t\t\t   <\/div><div class=\"gallery grid-col-four \">\r\n\t\t\t\t\t\t\t\t\t<div class=\"gallery-image\">\r\n\t\t\t\t\t\t\t\t\t\t<img decoding=\"async\" src=\"https:\/\/centrum-songo.pl\/wp-content\/uploads\/2023\/09\/wyklady_gal_115-300x300.jpg\" alt=\"wyklady_gal_115\"\/>\r\n\t\t\t\t\t\t\t\t\t\t<div class=\"gal-icon\">\r\n\t\t\t\t\t\t\t\t\t\t\t<a class=\"pop-gallery\" data-fancybox=\"group3\" data-thumb=\"https:\/\/centrum-songo.pl\/wp-content\/uploads\/2023\/09\/wyklady_gal_115-300x300.jpg\" href=\"https:\/\/centrum-songo.pl\/wp-content\/uploads\/2023\/09\/wyklady_gal_115.jpg\" data-caption=\"\"><i class=\"fal fa-plus\"><\/i><\/a>\r\n\t\t\t\t\t\t\t\t\t\t<\/div>\r\n\t\t\t\t\t\t\t\t\t<\/div>\r\n\t\t\t\t\t\t\t\t\t\r\n\t\t\t\t\t\t\t   <\/div><div class=\"gallery grid-col-four \">\r\n\t\t\t\t\t\t\t\t\t<div class=\"gallery-image\">\r\n\t\t\t\t\t\t\t\t\t\t<img decoding=\"async\" src=\"https:\/\/centrum-songo.pl\/wp-content\/uploads\/2023\/09\/wyklady_gal_114-300x300.jpg\" alt=\"wyklady_gal_114\"\/>\r\n\t\t\t\t\t\t\t\t\t\t<div class=\"gal-icon\">\r\n\t\t\t\t\t\t\t\t\t\t\t<a class=\"pop-gallery\" data-fancybox=\"group3\" data-thumb=\"https:\/\/centrum-songo.pl\/wp-content\/uploads\/2023\/09\/wyklady_gal_114-300x300.jpg\" href=\"https:\/\/centrum-songo.pl\/wp-content\/uploads\/2023\/09\/wyklady_gal_114.jpg\" data-caption=\"\"><i class=\"fal fa-plus\"><\/i><\/a>\r\n\t\t\t\t\t\t\t\t\t\t<\/div>\r\n\t\t\t\t\t\t\t\t\t<\/div>\r\n\t\t\t\t\t\t\t\t\t\r\n\t\t\t\t\t\t\t   <\/div><div class=\"gallery grid-col-four \">\r\n\t\t\t\t\t\t\t\t\t<div class=\"gallery-image\">\r\n\t\t\t\t\t\t\t\t\t\t<img decoding=\"async\" src=\"https:\/\/centrum-songo.pl\/wp-content\/uploads\/2023\/09\/wyklady_gal_113-300x300.jpg\" alt=\"wyklady_gal_113\"\/>\r\n\t\t\t\t\t\t\t\t\t\t<div class=\"gal-icon\">\r\n\t\t\t\t\t\t\t\t\t\t\t<a class=\"pop-gallery\" data-fancybox=\"group3\" data-thumb=\"https:\/\/centrum-songo.pl\/wp-content\/uploads\/2023\/09\/wyklady_gal_113-300x300.jpg\" href=\"https:\/\/centrum-songo.pl\/wp-content\/uploads\/2023\/09\/wyklady_gal_113.jpg\" data-caption=\"\"><i class=\"fal fa-plus\"><\/i><\/a>\r\n\t\t\t\t\t\t\t\t\t\t<\/div>\r\n\t\t\t\t\t\t\t\t\t<\/div>\r\n\t\t\t\t\t\t\t\t\t\r\n\t\t\t\t\t\t\t   <\/div><div class=\"gallery grid-col-four  lastcols\">\r\n\t\t\t\t\t\t\t\t\t<div class=\"gallery-image\">\r\n\t\t\t\t\t\t\t\t\t\t<img decoding=\"async\" src=\"https:\/\/centrum-songo.pl\/wp-content\/uploads\/2023\/09\/wyklady_gal_112-300x300.jpg\" alt=\"wyklady_gal_112\"\/>\r\n\t\t\t\t\t\t\t\t\t\t<div class=\"gal-icon\">\r\n\t\t\t\t\t\t\t\t\t\t\t<a class=\"pop-gallery\" data-fancybox=\"group3\" data-thumb=\"https:\/\/centrum-songo.pl\/wp-content\/uploads\/2023\/09\/wyklady_gal_112-300x300.jpg\" href=\"https:\/\/centrum-songo.pl\/wp-content\/uploads\/2023\/09\/wyklady_gal_112.jpg\" data-caption=\"\"><i class=\"fal fa-plus\"><\/i><\/a>\r\n\t\t\t\t\t\t\t\t\t\t<\/div>\r\n\t\t\t\t\t\t\t\t\t<\/div>\r\n\t\t\t\t\t\t\t\t\t\r\n\t\t\t\t\t\t\t   <\/div><div class=\"gallery grid-col-four \">\r\n\t\t\t\t\t\t\t\t\t<div class=\"gallery-image\">\r\n\t\t\t\t\t\t\t\t\t\t<img decoding=\"async\" src=\"https:\/\/centrum-songo.pl\/wp-content\/uploads\/2023\/09\/wyklady_gal_111-300x300.jpg\" alt=\"wyklady_gal_111\"\/>\r\n\t\t\t\t\t\t\t\t\t\t<div class=\"gal-icon\">\r\n\t\t\t\t\t\t\t\t\t\t\t<a class=\"pop-gallery\" data-fancybox=\"group3\" data-thumb=\"https:\/\/centrum-songo.pl\/wp-content\/uploads\/2023\/09\/wyklady_gal_111-300x300.jpg\" href=\"https:\/\/centrum-songo.pl\/wp-content\/uploads\/2023\/09\/wyklady_gal_111.jpg\" data-caption=\"\"><i class=\"fal fa-plus\"><\/i><\/a>\r\n\t\t\t\t\t\t\t\t\t\t<\/div>\r\n\t\t\t\t\t\t\t\t\t<\/div>\r\n\t\t\t\t\t\t\t\t\t\r\n\t\t\t\t\t\t\t   <\/div><div class=\"gallery grid-col-four \">\r\n\t\t\t\t\t\t\t\t\t<div class=\"gallery-image\">\r\n\t\t\t\t\t\t\t\t\t\t<img decoding=\"async\" src=\"https:\/\/centrum-songo.pl\/wp-content\/uploads\/2023\/09\/wyklady_gal_110-300x300.jpg\" alt=\"wyklady_gal_110\"\/>\r\n\t\t\t\t\t\t\t\t\t\t<div class=\"gal-icon\">\r\n\t\t\t\t\t\t\t\t\t\t\t<a class=\"pop-gallery\" data-fancybox=\"group3\" data-thumb=\"https:\/\/centrum-songo.pl\/wp-content\/uploads\/2023\/09\/wyklady_gal_110-300x300.jpg\" href=\"https:\/\/centrum-songo.pl\/wp-content\/uploads\/2023\/09\/wyklady_gal_110.jpg\" data-caption=\"\"><i class=\"fal fa-plus\"><\/i><\/a>\r\n\t\t\t\t\t\t\t\t\t\t<\/div>\r\n\t\t\t\t\t\t\t\t\t<\/div>\r\n\t\t\t\t\t\t\t\t\t\r\n\t\t\t\t\t\t\t   <\/div><div class=\"gallery grid-col-four \">\r\n\t\t\t\t\t\t\t\t\t<div class=\"gallery-image\">\r\n\t\t\t\t\t\t\t\t\t\t<img decoding=\"async\" src=\"https:\/\/centrum-songo.pl\/wp-content\/uploads\/2023\/09\/wyklady_gal_109-300x300.jpg\" alt=\"wyklady_gal_109\"\/>\r\n\t\t\t\t\t\t\t\t\t\t<div class=\"gal-icon\">\r\n\t\t\t\t\t\t\t\t\t\t\t<a class=\"pop-gallery\" data-fancybox=\"group3\" data-thumb=\"https:\/\/centrum-songo.pl\/wp-content\/uploads\/2023\/09\/wyklady_gal_109-300x300.jpg\" href=\"https:\/\/centrum-songo.pl\/wp-content\/uploads\/2023\/09\/wyklady_gal_109.jpg\" data-caption=\"\"><i class=\"fal fa-plus\"><\/i><\/a>\r\n\t\t\t\t\t\t\t\t\t\t<\/div>\r\n\t\t\t\t\t\t\t\t\t<\/div>\r\n\t\t\t\t\t\t\t\t\t\r\n\t\t\t\t\t\t\t   <\/div><div class=\"gallery grid-col-four  lastcols\">\r\n\t\t\t\t\t\t\t\t\t<div class=\"gallery-image\">\r\n\t\t\t\t\t\t\t\t\t\t<img decoding=\"async\" src=\"https:\/\/centrum-songo.pl\/wp-content\/uploads\/2023\/09\/wyklady_gal_108-300x300.jpg\" alt=\"wyklady_gal_108\"\/>\r\n\t\t\t\t\t\t\t\t\t\t<div class=\"gal-icon\">\r\n\t\t\t\t\t\t\t\t\t\t\t<a class=\"pop-gallery\" data-fancybox=\"group3\" data-thumb=\"https:\/\/centrum-songo.pl\/wp-content\/uploads\/2023\/09\/wyklady_gal_108-300x300.jpg\" href=\"https:\/\/centrum-songo.pl\/wp-content\/uploads\/2023\/09\/wyklady_gal_108.jpg\" data-caption=\"\"><i class=\"fal fa-plus\"><\/i><\/a>\r\n\t\t\t\t\t\t\t\t\t\t<\/div>\r\n\t\t\t\t\t\t\t\t\t<\/div>\r\n\t\t\t\t\t\t\t\t\t\r\n\t\t\t\t\t\t\t   <\/div><div class=\"gallery grid-col-four \">\r\n\t\t\t\t\t\t\t\t\t<div class=\"gallery-image\">\r\n\t\t\t\t\t\t\t\t\t\t<img decoding=\"async\" src=\"https:\/\/centrum-songo.pl\/wp-content\/uploads\/2023\/09\/wyklady_gal_107-300x300.jpg\" alt=\"wyklady_gal_107\"\/>\r\n\t\t\t\t\t\t\t\t\t\t<div class=\"gal-icon\">\r\n\t\t\t\t\t\t\t\t\t\t\t<a class=\"pop-gallery\" data-fancybox=\"group3\" data-thumb=\"https:\/\/centrum-songo.pl\/wp-content\/uploads\/2023\/09\/wyklady_gal_107-300x300.jpg\" href=\"https:\/\/centrum-songo.pl\/wp-content\/uploads\/2023\/09\/wyklady_gal_107.jpg\" data-caption=\"\"><i class=\"fal fa-plus\"><\/i><\/a>\r\n\t\t\t\t\t\t\t\t\t\t<\/div>\r\n\t\t\t\t\t\t\t\t\t<\/div>\r\n\t\t\t\t\t\t\t\t\t\r\n\t\t\t\t\t\t\t   <\/div><div class=\"gallery grid-col-four \">\r\n\t\t\t\t\t\t\t\t\t<div class=\"gallery-image\">\r\n\t\t\t\t\t\t\t\t\t\t<img decoding=\"async\" src=\"https:\/\/centrum-songo.pl\/wp-content\/uploads\/2023\/09\/wyklady_gal_106-300x300.jpg\" alt=\"wyklady_gal_106\"\/>\r\n\t\t\t\t\t\t\t\t\t\t<div class=\"gal-icon\">\r\n\t\t\t\t\t\t\t\t\t\t\t<a class=\"pop-gallery\" data-fancybox=\"group3\" data-thumb=\"https:\/\/centrum-songo.pl\/wp-content\/uploads\/2023\/09\/wyklady_gal_106-300x300.jpg\" href=\"https:\/\/centrum-songo.pl\/wp-content\/uploads\/2023\/09\/wyklady_gal_106.jpg\" data-caption=\"\"><i class=\"fal fa-plus\"><\/i><\/a>\r\n\t\t\t\t\t\t\t\t\t\t<\/div>\r\n\t\t\t\t\t\t\t\t\t<\/div>\r\n\t\t\t\t\t\t\t\t\t\r\n\t\t\t\t\t\t\t   <\/div><div class=\"gallery grid-col-four \">\r\n\t\t\t\t\t\t\t\t\t<div class=\"gallery-image\">\r\n\t\t\t\t\t\t\t\t\t\t<img decoding=\"async\" src=\"https:\/\/centrum-songo.pl\/wp-content\/uploads\/2023\/09\/wyklady_gal_105-300x300.jpg\" alt=\"wyklady_gal_105\"\/>\r\n\t\t\t\t\t\t\t\t\t\t<div class=\"gal-icon\">\r\n\t\t\t\t\t\t\t\t\t\t\t<a class=\"pop-gallery\" data-fancybox=\"group3\" data-thumb=\"https:\/\/centrum-songo.pl\/wp-content\/uploads\/2023\/09\/wyklady_gal_105-300x300.jpg\" href=\"https:\/\/centrum-songo.pl\/wp-content\/uploads\/2023\/09\/wyklady_gal_105.jpg\" data-caption=\"\"><i class=\"fal fa-plus\"><\/i><\/a>\r\n\t\t\t\t\t\t\t\t\t\t<\/div>\r\n\t\t\t\t\t\t\t\t\t<\/div>\r\n\t\t\t\t\t\t\t\t\t\r\n\t\t\t\t\t\t\t   <\/div><div class=\"gallery grid-col-four  lastcols\">\r\n\t\t\t\t\t\t\t\t\t<div class=\"gallery-image\">\r\n\t\t\t\t\t\t\t\t\t\t<img decoding=\"async\" src=\"https:\/\/centrum-songo.pl\/wp-content\/uploads\/2023\/09\/wyklady_gal_104-300x300.jpg\" alt=\"wyklady_gal_104\"\/>\r\n\t\t\t\t\t\t\t\t\t\t<div class=\"gal-icon\">\r\n\t\t\t\t\t\t\t\t\t\t\t<a class=\"pop-gallery\" data-fancybox=\"group3\" data-thumb=\"https:\/\/centrum-songo.pl\/wp-content\/uploads\/2023\/09\/wyklady_gal_104-300x300.jpg\" href=\"https:\/\/centrum-songo.pl\/wp-content\/uploads\/2023\/09\/wyklady_gal_104.jpg\" data-caption=\"\"><i class=\"fal fa-plus\"><\/i><\/a>\r\n\t\t\t\t\t\t\t\t\t\t<\/div>\r\n\t\t\t\t\t\t\t\t\t<\/div>\r\n\t\t\t\t\t\t\t\t\t\r\n\t\t\t\t\t\t\t   <\/div><div class=\"gallery grid-col-four \">\r\n\t\t\t\t\t\t\t\t\t<div class=\"gallery-image\">\r\n\t\t\t\t\t\t\t\t\t\t<img decoding=\"async\" src=\"https:\/\/centrum-songo.pl\/wp-content\/uploads\/2023\/09\/wyklady_gal_103-300x300.jpg\" alt=\"wyklady_gal_103\"\/>\r\n\t\t\t\t\t\t\t\t\t\t<div class=\"gal-icon\">\r\n\t\t\t\t\t\t\t\t\t\t\t<a class=\"pop-gallery\" data-fancybox=\"group3\" data-thumb=\"https:\/\/centrum-songo.pl\/wp-content\/uploads\/2023\/09\/wyklady_gal_103-300x300.jpg\" href=\"https:\/\/centrum-songo.pl\/wp-content\/uploads\/2023\/09\/wyklady_gal_103.jpg\" data-caption=\"\"><i class=\"fal fa-plus\"><\/i><\/a>\r\n\t\t\t\t\t\t\t\t\t\t<\/div>\r\n\t\t\t\t\t\t\t\t\t<\/div>\r\n\t\t\t\t\t\t\t\t\t\r\n\t\t\t\t\t\t\t   <\/div><div class=\"gallery grid-col-four \">\r\n\t\t\t\t\t\t\t\t\t<div class=\"gallery-image\">\r\n\t\t\t\t\t\t\t\t\t\t<img decoding=\"async\" src=\"https:\/\/centrum-songo.pl\/wp-content\/uploads\/2023\/09\/wyklady_gal_102-300x300.jpg\" alt=\"wyklady_gal_102\"\/>\r\n\t\t\t\t\t\t\t\t\t\t<div class=\"gal-icon\">\r\n\t\t\t\t\t\t\t\t\t\t\t<a class=\"pop-gallery\" data-fancybox=\"group3\" data-thumb=\"https:\/\/centrum-songo.pl\/wp-content\/uploads\/2023\/09\/wyklady_gal_102-300x300.jpg\" href=\"https:\/\/centrum-songo.pl\/wp-content\/uploads\/2023\/09\/wyklady_gal_102.jpg\" data-caption=\"\"><i class=\"fal fa-plus\"><\/i><\/a>\r\n\t\t\t\t\t\t\t\t\t\t<\/div>\r\n\t\t\t\t\t\t\t\t\t<\/div>\r\n\t\t\t\t\t\t\t\t\t\r\n\t\t\t\t\t\t\t   <\/div><div class=\"gallery grid-col-four \">\r\n\t\t\t\t\t\t\t\t\t<div class=\"gallery-image\">\r\n\t\t\t\t\t\t\t\t\t\t<img decoding=\"async\" src=\"https:\/\/centrum-songo.pl\/wp-content\/uploads\/2023\/09\/wyklady_gal_101-300x300.jpg\" alt=\"wyklady_gal_101\"\/>\r\n\t\t\t\t\t\t\t\t\t\t<div class=\"gal-icon\">\r\n\t\t\t\t\t\t\t\t\t\t\t<a class=\"pop-gallery\" data-fancybox=\"group3\" data-thumb=\"https:\/\/centrum-songo.pl\/wp-content\/uploads\/2023\/09\/wyklady_gal_101-300x300.jpg\" href=\"https:\/\/centrum-songo.pl\/wp-content\/uploads\/2023\/09\/wyklady_gal_101.jpg\" data-caption=\"\"><i class=\"fal fa-plus\"><\/i><\/a>\r\n\t\t\t\t\t\t\t\t\t\t<\/div>\r\n\t\t\t\t\t\t\t\t\t<\/div>\r\n\t\t\t\t\t\t\t\t\t\r\n\t\t\t\t\t\t\t   <\/div><div class=\"clear\"><\/div><\/div>\n","protected":false},"excerpt":{"rendered":"<p>Jako trener, hodowca i pasjonat ch\u0119tnie dziel\u0119 si\u0119 swoj\u0105 wiedz\u0105 i do\u015bwiadczeniem z innymi psiarzami prowadz\u0105c wyk\u0142ady i warsztaty o tematyce kynologicznej. Mam ogromn\u0105 przyjemo\u015b\u0107 prowadzi\u0107 takie zaj\u0119cia dla innych terener\u00f3w, behawioryst\u00f3w, hodowc\u00f3w, weterynarzy, fundacji jak i zwyk\u0142ych opiekun\u00f3w ps\u00f3w.<\/p>\n","protected":false},"author":1,"featured_media":5596,"parent":0,"menu_order":0,"comment_status":"closed","ping_status":"closed","template":"page-templates\/template-full-width.php","meta":{"footnotes":""},"class_list":["post-15","page","type-page","status-publish","has-post-thumbnail","hentry"],"_links":{"self":[{"href":"https:\/\/centrum-songo.pl\/index.php\/wp-json\/wp\/v2\/pages\/15","targetHints":{"allow":["GET"]}}],"collection":[{"href":"https:\/\/centrum-songo.pl\/index.php\/wp-json\/wp\/v2\/pages"}],"about":[{"href":"https:\/\/centrum-songo.pl\/index.php\/wp-json\/wp\/v2\/types\/page"}],"author":[{"embeddable":true,"href":"https:\/\/centrum-songo.pl\/index.php\/wp-json\/wp\/v2\/users\/1"}],"replies":[{"embeddable":true,"href":"https:\/\/centrum-songo.pl\/index.php\/wp-json\/wp\/v2\/comments?post=15"}],"version-history":[{"count":5,"href":"https:\/\/centrum-songo.pl\/index.php\/wp-json\/wp\/v2\/pages\/15\/revisions"}],"predecessor-version":[{"id":5673,"href":"https:\/\/centrum-songo.pl\/index.php\/wp-json\/wp\/v2\/pages\/15\/revisions\/5673"}],"wp:featuredmedia":[{"embeddable":true,"href":"https:\/\/centrum-songo.pl\/index.php\/wp-json\/wp\/v2\/media\/5596"}],"wp:attachment":[{"href":"https:\/\/centrum-songo.pl\/index.php\/wp-json\/wp\/v2\/media?parent=15"}],"curies":[{"name":"wp","href":"https:\/\/api.w.org\/{rel}","templated":true}]}}